mber?
True
Is 10632097 a composite number?
True
Is 6358123 composite?
False
Is 19676539 prime?
True
Is 2837141 composite?
False
Is 157852439 prime?
False
Is 39696347 a composite number?
False
Is 40883281 a prime number?
True
Is 36151373 a prime number?
True
Is 3400863 a prime number?
False
Is 231779 a prime number?
True
Is 12530539 a composite number?
True
Is 58601291 composite?
True
Is 210171667 prime?
False
Is 12231487 a prime number?
True
Is 80344694 a composite number?
True
Is 1725121 prime?
True
Is 3162353 a composite number?
True
Is 3218959 a composite number?
True
Is 173099533 a composite number?
True
Is 33240653 a prime number?
True
Is 3628057 a prime number?
True
Is 3903743 a composite number?
True
Is 44712979 a prime number?
True
Is 5827259 prime?
True
Is 714395614 a composite number?
True
Is 18950462 a prime number?
False
Is 140301349 composite?
True
Is 355171 a composite number?
False
Is 2349661 a prime number?
False
Is 11929534 a prime number?
False
Is 306911497 composite?
True
Is 409873 composite?
True
Is 23107717 prime?
True
Is 7747081 a composite number?
False
Is 7988557 composite?
False
Is 348717 prime?
False
Is 1473317 composite?
True
Is 510919 a composite number?
False
Is 69173701 composite?
False
Is 990658567 a composite number?
False
Is 29667851 a composite number?
False
Is 15917299 a prime number?
False
Is 36878531 composite?
False
Is 233995007 a composite number?
True
Is 65426 a prime number?
False
Is 16170029 prime?
False
Is 220210093 a composite number?
False
Is 5940439 a composite number?
False
Is 154865261 a prime number?
True
Is 5094191 a prime number?
True
Is 14307299 a prime number?
False
Is 293523 a composite number?
True
Is 249245153 prime?
False
Is 249772849 a composite number?
False
Is 35506513 composite?
True
Is 31998711 prime?
False
Is 34288301 a composite number?
True
Is 798011 a composite number?
True
Is 878483 composite?
True
Is 14018933 prime?
False
Is 115457077 composite?
False
Is 4100879 a prime number?
True
Is 18495159 composite?
True
Is 101809031 a prime number?
True
Is 73497607 composite?
True
Is 29064589 a composite number?
False
Is 20512933 a composite number?
True
Is 25136561 a composite number?
False
Is 10886801 a prime number?
True
Is 65302417 prime?
False
Is 17859119 prime?
True
Is 148349203 a prime number?
True
Is 25208305 a composite number?
True
Is 94015347 composite?
True
Is 7345774 a composite number?
True
Is 75367627 composite?
True
Is 2595133 a composite number?
True
Is 53323 a prime number?
True
Is 33317399 composite?
True
Is 97422961 a composite number?
True
Is 24467279 a composite number?
False
Is 8262229 a composite number?
True
Is 197719937 a prime number?
False
Is 115002241 a composite number?
True
Is 10358521 prime?
True
Is 14227651 a prime number?
False
Is 386514838 a prime number?
False
Is 544322897 a prime number?
True
Is 30264653 prime?
False
Is 55327955 a composite number?
True
Is 722865521 prime?
False
Is 13628761 a prime number?
False
Is 5085391 prime?
False
Is 339655 a composite number?
True
Is 5036851 prime?
True
Is 98713383 a composite number?
True
Is 30160831 a prime number?
True
Is 17519 composite?
False
Is 29046803 a composite number?
False
Is 634441 a prime number?
True
Is 164018639 a prime number?
True
Is 2191037 prime?
False
Is 21489001 a prime number?
True
Is 217149401 a composite number?
True
Is 33735817 a composite number?
True
Is 100116287 a prime number?
True
Is 3821981 prime?
True
Is 296713 prime?
True
Is 3652801 composite?
True
Is 15070199 prime?
True
Is 12240647 a composite number?
True
Is 1364621 a composite number?
False
Is 6570559 a prime number?
False
Is 3190741 a composite number?
True
Is 428843 prime?
True
Is 4677083 a prime number?
True
Is 1802831 prime?
False
Is 639563 a composite number?
False
Is 10405363 composite?
False
Is 7529359 a composite number?
False
Is 3654557 prime?
True
Is 594429083 a composite number?
False
Is 508009 prime?
True
Is 2793254 a composite number?
True
Is 2649211 prime?
False
Is 36531917 prime?
True
Is 115406117 a prime number?
True
Is 2669629 prime?
False
Is 72021007 a prime number?
False
Is 128457659 a composite number?
True
Is 1581649 prime?
True
Is 26650171 a prime number?
True
Is 3908857 a composite number?
False
Is 3581603 composite?
True
Is 5110423 a prime number?
True
Is 83898473 composite?
True
Is 53086071 a prime number?
False
Is 22837931 prime?
False
Is 67217837 composite?
False
Is 30488879 prime?
True
Is 84829561 a prime number?
True
Is 15201013 composite?
True
Is 71511917 a prime number?
True
Is 4864307 prime?
False
Is 3091961 a composite number?
False
Is 454136251 a composite number?
True
Is 12935201 composite?
True
Is 38400493 a composite number?
True
Is 8507227 prime?
False
Is 10532363 composite?
True
Is 150064231 composite?
False
Is 9212479 prime?
False
Is 93794215 composite?
True
Is 784465361 a composite number?
False
Is 153333683 a prime number?
True
Is 60133 composite?
False
Is 4733338 a prime number?
False
Is 13640777 composite?
False
Is 1974179 prime?
False
Is 30247589 composite?
True
Is 425386337 composite?
True
Is 533096909 a composite number?
True
Is 23413171 prime?
True
Is 63578629 prime?
True
Is 45100853 a composite number?
True
Is 90235447 a prime number?
True
Is 132749 a composite number?
False
Is 15970333 prime?
True
Is 216899 composite?
False
Is 59716933 a composite number?
False
Is 114673001 composite?
False
Is 18145759 a prime number?
True
Is 296004083 a composite number?
False
Is 1202549 a prime number?
True
Is 969267203 composite?
True
Is 1758461 composite?
True
Is 3105629 composite?
False
Is 71054413 a prime number?
True
Is 664357 prime?
True
Is 87338051 a composite number?
True
Is 3495059 composite?
True
Is 2343661 composite?
False
Is 95651 a composite number?
False
Is 7749997 composite?
False
Is 4045781 a prime number?
True
Is 15425483 composite?
True
Is 87473 prime?
True
Is 1334881 composite?
False
Is 53413339 composite?
True
Is 891697 a composite number?
True
Is 1271357 a prime number?
False
Is 2785177 a prime number?
True
Is 21065201 prime?
True
Is 3548245 composite?
True
Is 18564367 a composite number?
True
Is 57352751 composite?
True
Is 454079 a prime number?
True
Is 744061165 a composite number?
True
Is 9842179 prime?
True
Is 43327 a prime number?
False
Is 238244717 composite?
False
Is 824261 a composite number?
True
Is 5747977 a prime number?
True
Is 7212661 a composite number?
False
Is 700751 prime?
True
Is 2254177 composite?
False
Is 23750129 a prime number?
False
Is 17689137 a prime number?
False
Is 753235553 a prime number?
False
Is 4733789 a prime number?
True
Is 44270191 prime?
False
Is 5121113 a prime number?
True
Is 1914217 composite?
True
Is 257826719 a composite number?
False
Is 15796811 a composite number?
False
Is 288342797 a prime number?
False
Is 6118071 prime?
False
Is 801451099 a prime number?
False
Is 647245493 a composite number?
False
Is 2813563 a composite number?
False
Is 214215071 composite?
True
Is 38086319 composite?
False
Is 128191261 composite?
True
Is 82851361 prime?
False
Is 25353331 a composite number?
False
Is 5641189 prime?
True
Is 5618443 a prime number?
False
Is 310457 a composite number?
True
Is 3787841 composite?
True
Is 102475795 composite?
True
Is 3205079 prime?
False
Is 59311033 prime?
True
Is 344239 a composite number?
True
Is 1545449 prime?
True
Is 91534463 prime?
False
Is 3098567 prime?
False
Is 14510539 prime?
False
Is 59104111 a prime number?
False
Is 9368285 a prime number?
False
Is 4134083 prime?
False
Is 4955039 a composite number?
False
Is 569747 prime?
True
Is 822373921 prime?
False
Is 3111419 a composite number?
False
Is 19941953 a composite number?
False
Is 69705869 a prime number?
True
Is 3084413 a prime number?
True
Is 4353655 prime?
False
Is 348168727 a prime number?
True
Is 5588293 a prime number?
False
Is 4144201 a composite number?
False
Is 775405 prime?
False
Is 12911559 a composite number?
True
Is 3096778 prime?
False
Is 96354395 a prime number?
False
Is 5894347 a prime number?
True
Is 8074853 a prime number?
False
Is 1668299 a prime number?
True
Is 544703 a composite number?
True
Is 51870061 prime?
False
Is 25619887 a prime number?
False
Is 325319 a prime number?
True
Is 7570721 a prime number?
False
Is 156951853 a c